 Let c be 52/(-14) - 4/k. Let r(y) = 2*y + 1. Calculate r(c).
-7
Let w(z) = -z + 3. Suppose 2*j = -j + 12. Suppose -11 - 9 = -j*v. What is w(v)?
-2
Let b(r) = -r**3 - 7*r**2 - 5*r + 8. Let j be b(-6). Let t(v) = -v + 4*v + j - 4*v + 2*v. Give t(-5).
-3
Let t = -13 + 8. Let i = -9 - t. Let x(z) = z - 4. Determine x(i).
-8
Let c(v) = -v. Let y(g) = -8*g + 4. Let o(j) = 6*c(j) - y(j). Let u(b) = -b - 1. Let a be u(-6). Determine o(a).
6
Let n(f) be the second derivative of -f**5/20 - f**4/12 + f**3/6 - 3*f**2/2 - 7*f. Calculate n(-3).
12
Let w = -64 + 59. Let o(z) = -7*z - 3. Determine o(w).
32
Let r(z) = -z**3 - 3*z**2 + 2*z - 3. Let y be r(-4). Let s = y - 2. Suppose -5 = -5*o, -2*o = s*n - 5*o + 6. Let q(u) = -4*u - 1. Calculate q(n).
3
Let k(x) = -x**2 + 13*x - 11. Let b be k(12). Let q be -11 + (b - 0) + 4. Let j(m) = m**3 + 7*m**2 + 4*m - 8. What is j(q)?
4
Let d(i) = -i**2 - 2*i. Let f(m) = m**3 + m**2 - 20*m - 7. Let z(r) = 6*d(r) - f(r). Determine z(-8).
7
Let m(s) = -s**2 - 5*s + 15. Let t be m(-7). Suppose 4*c + t - 9 = 0. Let z(u) = -2*u**3 + 2*u**2 + 1. Calculate z(c).
-7
Let i(k) = -k**2 - k. Let v(d) = 4*d**3 + 5*d**2 + 5*d - 1. Let b(n) = -4*i(n) - v(n). Let j = 2 + -1. Give b(j).
-5
Let a(c) = -c**2 - 5*c + 3. Let t be a(-7). Let m = -17 - t. Let x(h) = h**3 + 6*h**2 + h. Calculate x(m).
-6
Let c(n) = 3*n - 5. Let g be c(5). Let j be (-2)/(3/(132/(-2))). Let a be (-2)/5 + j/g. Let y(x) = x - 5. Determine y(a).
-1
Let s(f) = f**3 + f**2 - f + 6. Let z(g) be the third derivative of -g**5/60 - g**4/6 - g**3/3 - g**2. Let w be z(-4). Let h = -2 - w. Calculate s(h).
6
Let r(u) = u**3 - 7*u**2 + 2*u + 3. Let w be r(7). Suppose -4*c - 1 = -w. Let d(q) be the third derivative of -q**5/60 + q**4/12 - q**3/3 + q**2. Give d(c).
-10
Let o(w) = 3*w**2 - 4*w + 3. Let b be o(2). Let z = b + -4. Suppose -z + 0 = m - l, -3*l = 6. Let f(r) = -r**2 - 5*r + 1. Give f(m).
1
Suppose -2*i - 2*r - 6 = -5*r, -i = -2*r + 4. Let h(f) = -3*f - 4*f + 4*f**2 + i*f + 4*f. Suppose 4*q - 10 + 2 = 0. What is h(q)?
10
Let x(q) = -9*q**2 + 11*q + 13. Let y(f) = -5*f**2 + 6*f + 7. Let c(s) = -4*x(s) + 7*y(s). Calculate c(-2).
5
Let a = 5 - -1. Let b(q) = a + 7*q + 0*q + q**2 + 0. Suppose 5*z = -5*h - 30, -z = -0*h - 3*h - 10. Calculate b(h).
-6
Let a(d) = 7*d - 2. Let s(y) = -5 + 13*y - 5*y + 7*y. Let w(l) = -13*a(l) + 6*s(l). Determine w(-6).
2
Suppose -4*u + 4 = -0*u. Let n(y) = y + 8. Let f be n(-6). Let d(k) = -1 - f*k - 2 + 2. Give d(u).
-3
Let t(u) be the first derivative of -7*u**2/2 - u + 16. What is t(1)?
-8
Let y(j) = -5*j - 2. Let s = -20 + 22. Calculate y(s).
-12
Let v be (-4 + 5 - 0) + 1. Let g(t) = -t**3 - 3*t**2 + 2*t. What is g(v)?
-16
Let f(a) = -a**3 - 5*a**2 + 5*a - 2. Let b = 6 + -2. Let j = -2 - b. Give f(j).
4
Let s = 14 - 15. Let h(m) = -4*m**2 - 1. What is h(s)?
-5
Let t(o) = 3*o + 9. Suppose 0 = -k - 6 - 11. Let r = 11 + k. Determine t(r).
-9
Let c(g) = 3*g**3 + 2*g**2 - 2*g + 4. Let n(k) = -k**3 + k**2 + 1. Let l(u) = c(u) + 4*n(u). Let b = -142 - -148. Give l(b).
-4
Let u(b) be the third derivative of b**5/60 + b**4/6 + 2*b**3/3 + 6*b**2. Calculate u(-4).
4
Let u(k) = -k**3 - 3*k**2 + 2. Let j = 5 - 8. Give u(j).
2
Let g(b) = -9*b - 6. Let w(k) = -8 - 2*k + 3 - 6*k. Let t(d) = -5*g(d) + 6*w(d). Determine t(1).
-3
Let l(n) be the first derivative of 15*n**4/4 - n**3/3 + n**2/2 - n + 46. Calculate l(1).
14
Let x(b) be the second derivative of b**4/12 + 7*b**3/6 + b**2 + 12*b. Determine x(-5).
-8
Let j(x) = x**2 - 27*x - 29. Let i be j(28). Let f(p) = -p - 2. Determine f(i).
-1
Let d(z) = -z - 1. Let o = 1 - 0. Let q(l) = -4 - 11*l + o + l. Let u(w) = -2*d(w) + q(w). Determine u(-1).
7
Let u be 2708/36 - (-2)/(-9). Let o be u/(-9) - (-1)/3. Let c be o/5 + (-12)/30. Let k(w) = -2*w**2 - 2*w + 1. Give k(c).
-3
Let w(j) = -3*j**2 + j + 2. Let n = -8 - -11. Suppose -3*y = 3 + n. Determine w(y).
-12
Let w(h) be the second derivative of h**7/2520 + h**6/360 + h**5/120 - h**4/6 - 5*h. Let u(p) be the third derivative of w(p). Give u(-3).
4
Let z(m) be the third derivative of m**5/60 + 5*m**4/24 + m**3/3 + 10*m**2 - 1. What is z(-5)?
2
Let d(y) = -2*y + 6. Suppose 25 = -5*x, -3*z + 2*x = 22 - 56. Let o be ((-13)/4)/((-2)/z). Let m = o - 9. Determine d(m).
-2
Let t(b) = -b**2 - b + 2. Suppose 0 = 5*p - 5*n + 45, -2*n + 30 = -2*p + 3*n. What is t(p)?
-18
Suppose -5*q = 4*z - 20, 4*q = 4*z + z + 16. Let v(s) be the first derivative of 1/3*s**3 + 1/4*s**4 + 2 - 1/2*s**2 + z*s. What is v(0)?
0
Let f(k) be the third derivative of -k**5/60 + 5*k**4/24 - k**3/3 - 7*k**2. What is f(4)?
2
Let i be (-8)/3*(-54)/72. Let k(l) be the first derivative of -2*l**3/3 + 2*l + 1. Give k(i).
-6
Let y(r) be the second derivative of 13*r**4/12 + r**3/3 + r**2/2 + 6*r + 2. What is y(-1)?
12
Let o(c) = -3*c + 1. Suppose -3*z + 9 = 15. Give o(z).
7
Let t = -8 - -12. Let d(m) = -m**3 + 4*m**2 + 2*m - 2. What is d(t)?
6
Let d(q) be the first derivative of -1/4*q**4 - 3 + 5/3*q**3 - 2*q**2 + 5*q. What is d(4)?
5
Let l be (-4)/10 - (56/60 - 2). Let i(r) be the third derivative of -1/12*r**4 + 1/60*r**5 + 2*r**2 + 0 + 0*r + l*r**3. What is i(3)?
7
Let y(f) be the third derivative of f**6/360 - f**5/24 - f**4/8 + 2*f**3/3 - 8*f**2. Let o(u) be the first derivative of y(u). What is o(4)?
-7
Suppose -32*x + 33*x = 2. Suppose 4*q = -s - 7, 2*q + x + 1 = -s. Let l(r) = 12*r + 1. Determine l(s).
13
Let i be 24/16 - (-1 + (-1)/(-2)). Let q = -1 - -4. Let w(g) = 2*g**2 - g**2 - g + 3*g - g**q. Calculate w(i).
0
Let p(u) = u**3 + 6*u**2 + 7*u + 3. Let g(j) = -j + 6. Let y be 88/(-14) - (-6)/21. Let d be g(y). Let i = -17 + d. Give p(i).
-7
Let h(c) be the first derivative of 0*c + 3 - 7/120*c**5 + 1/360*c**6 + 0*c**2 + 1/8*c**4 - 4/3*c**3. Let u(z) be the third derivative of h(z). What is u(5)?
-7
Let b be (-1)/4 - 13/(-4). Let g(j) = -7 + 7*j**2 - 7*j**2 - j**b. Let y(l) = l**3 - l**2 + l + 8. Let d(w) = 5*g(w) + 4*y(w). Give d(-5).
2
Let p(n) = 4*n**2 + n - 1. Let g be p(1). Let i(l) = 1. Let h(c) = 5*c - 5. Let o(t) = -h(t) - 6*i(t). Let w(j) = -j. Let s(k) = g*w(k) - o(k). Give s(1).
2
Let h(l) = -5*l - 4. Let q(s) = -11*s - 8. Let f(r) = 9*h(r) - 4*q(r). What is f(-6)?
2
Suppose 0 = 3*v - 4*t - 22, -5*t = 4*v + v + 10. Let g(s) = v*s**2 + 3*s**2 + 4*s + 3*s - 4 - 6*s**2. Suppose 1 + 11 = 2*q. Give g(q).
2
Let b(p) be the second derivative of 0 - 1/6*p**3 + 8*p + p**2. What is b(2)?
0
Let i(j) = -j**3 + 3*j**2 + 5*j - 3. Let y = 5 - 5. Let l be 7/1 + (y - 3). Calculate i(l).
1
Suppose n - 1 = -0. Let x be (-3)/(n*9/(-6)). Let r(c) = -x*c**2 + c**2 + 3 - 1. Calculate r(2).
-2
Let m(h) = -h - 2. Let v be m(2). Let z(w) = -9*w + 3. Let o(i) = -i. Let p(b) = v*o(b) + z(b). Calculate p(2).
-7
Suppose -23*d = -25*d + 6. Let s(c) = 4*c**3 - 5*c**2 - 5*c - 1. Let j(w) = w**3 - w**2 - 1. Let a(z) = 3*j(z) - s(z). Give a(d).
4
Let c(w) = -11*w**2 + 0 + w + 0 - 4*w**2. What is c(1)?
-14
Suppose 5*n - 3 = 2. Let f(k) = -2*k**2 + 2*k - 1. Give f(n).
-1
Let r(n) be the second derivative of n**4/12 - n**3/6 - 11*n**2/2 + n. Calculate r(0).
-11
Let g(n) be the second derivative of -9/2*n**2 + 2*n - 1/20*n**5 + 0 + 1/2*n**4 + 1/3*n**3. Calculate g(6).
3
Suppose -6*y + y + 10 = 0. Let g(j) = -3 - j**3 - y + 7*j**2 + j**2 - 8*j. Give g(6).
19
Let x be -1*(-1 - 4) + -2. Let c(v) = -4*v + 4. Give c(x).
-8
Let g(r) = 2*r + 4. Suppose 28 = -6*b - b. Give g(b).
-4
Let w(b) = b - 1. Let i be w(4). Let f(a) = 6*a - a**2 - 2 - i*a + a + 2*a. What is f(5)?
3
Let j = 26 + -32. Let p(b) be the second derivative of b**4/12 + 5*b**3/6 - b**2 + b. Calculate p(j).
4
Let r(z) = z**3 + 8*z**2 + 5*z - 23. Let q be r(-7). Let c(i) = -i**3 - 10*i**2 - 10*i. Determine c(q).
9
Let w(i) be the second derivative of -i**6/720 + i**5/120 - i**4/12 - i. Let t(m) be the third derivative of w(m). Let f be (-6)/(-4) + 2/(-4). Give t(f).
0
Let q(s) = 7 - s - 8 + 3*s**2 - 2*s**2 + 2. Determine q(2).
3
Suppose -5*a + 2*a + 55 = 5*k, 5*a - 33 = -k. Let t(m) = -m**3 + 9*m**2 - 8*m - 1. Calculate t(k).
-1
Let j(s) = s - 1. Suppose x - 3 = -1. Let g(p) = 1. Let b(a) = x*j(a) - 2*g(a). What is b(-4)?
-12
Let w be (4 + -6 - 1) + 7. Let v(o) = -o**3 + 5*o**2 - 6*o + 5. What is v(w)?
-3
Let b(x) be the third derivative of -x**4/8 + x**3 - 